Let n = 75 - 76. Let r(j) = 2*j**2 - 3*j - 1. Let f be r(n). Calculate the greatest common divisor of 14 and f.
2
Let b(n) = -56*n**3 - 4*n**2 - 7*n - 17. Let c be b(-3). What is the highest common divisor of c and 40?
40
Suppose 0 = 4*r - 5*t + 578 - 1774, 5*r = 6*t + 1496. Let g(s) = 7*s + 3. Let c be g(5). Calculate the highest common divisor of r and c.
38
Let t(a) = 2*a + 8. Let w be (3/(-1))/(13 + -12). Let d be t(w). Suppose -d - 22 = -4*g. Calculate the highest common factor of 30 and g.
6
Suppose -5*a - 7 = 63. Let b(d) = d**2 + 25*d + 31. Let s be b(-15). Let k be (s/a)/(2/72). Calculate the highest common divisor of 34 and k.
34
Suppose 2*y = 5*r + 138, 191 + 71 = 4*y - 3*r. Calculate the greatest common divisor of 28 and y.
4
Let i = -26 + 89. What is the highest common factor of i and 133?
7
Let y = -371 + 668. Let x = -50 - -77. What is the highest common factor of x and y?
27
Let a be (-13)/(-26)*(3*24 - 6). Calculate the greatest common divisor of a and 253.
11
Let a be ((-4)/1)/(((-72)/45)/8). Let t(b) = 2*b + 15. Let g be t(-5). What is the greatest common factor of g and a?
5
Suppose 4*w - 90 = -j, -w = -2*j + w + 210. What is the greatest common divisor of 153 and j?
51
Let a be 4/14 + (-524)/(-28). Suppose -2*i + w = -7, 2*w - a = -5*i + 12. Let r(m) = m - 3. Let n be r(i). Calculate the highest common divisor of n and 20.
2
Let p = -187 - -206. What is the greatest common divisor of 304 and p?
19
Suppose -3*m - 2*y = -45, 4*m - 7*y - 60 = -2*y. Suppose -6 = -2*h + 5*g, 0 = -34*g + 29*g. Calculate the greatest common factor of m and h.
3
Let y = 38 + -11. Let r = 38 - y. What is the highest common factor of 121 and r?
11
Let i(s) = 2*s**2 - 60*s - 32. Let n be i(31). Let b = 27 - 15. Let d = 8 + b. What is the greatest common divisor of n and d?
10
Suppose 2*c + 5*b - 38 = 9, 2*b = 4*c - 154. Suppose -4*s = -3*h - 2*h + 88, 30 = 2*h + s. Let t = -4 + h. What is the highest common factor of c and t?
12
Suppose 3 = -7*y + 10*y. Suppose -5*n = -5*s, y = 2*n - 6*s + 5*s. Let c be 0 + 4*4/2. What is the greatest common divisor of c and n?
1
Let a = -1620 - -1664. Calculate the highest common factor of 781 and a.
11
Let y be 175/(-20)*(1 - -11)*1. Let n be -1 + 2/6 + (-2800)/y. Calculate the highest common divisor of n and 104.
26
Let v(s) = s**2 - 12*s - 18. Let x = 13 + -7. Let w = x + 12. Let u be v(w). Calculate the highest common factor of 18 and u.
18
Let r(v) = v**3 - 2*v**2 + 2*v - 5. Let c be r(3). What is the greatest common factor of c and 430?
10
Suppose -788 - 220 = -12*q. Calculate the highest common divisor of q and 63.
21
Let w = 5350 - 5345. Suppose 4*p + 0*p + 2*v - 22 = 0, -3*p + 2*v + 13 = 0. Calculate the highest common divisor of p and w.
5
Let o = 1472 + -646. What is the greatest common divisor of 14 and o?
14
Let r be 2*(-2)/(-6) + (-2180)/(-15). Let a be 8/(12/(-3)) + r/1. What is the highest common divisor of a and 18?
18
Let c = 40 - 9. Let s = 33 - c. What is the highest common factor of 16 and s?
2
Suppose -2*p - 192 = -6*p. Let g = p + -16. Suppose -g = m - 185. What is the greatest common divisor of 17 and m?
17
Suppose -5*x = 2*h - 4*x - 6, 2*h = x + 2. Let u(s) = -4*s + 9. Let t be u(h). Calculate the highest common divisor of 9 and t.
1
Let k = 12028 - 11989. Let q be 1/((-2)/52*-2). Calculate the highest common factor of q and k.
13
Let s(a) = a**3 - 6*a + 104. Let h be s(0). Calculate the greatest common divisor of 195 and h.
13
Let c be ((-6)/4)/(6/8). Let h be c/(-8) + 322/56. Let j be -20*(15/h)/(-5). Calculate the highest common factor of j and 4.
2
Let q = 4 + 6. Suppose 0 = -2*x - 3*x - q. Let l = x - -6. Calculate the highest common divisor of 6 and l.
2
Suppose c + 3*a = -35, 3*a - 2*a + 5 = 0. Let s be (-1 - -1) + 2 - c/2. Let i = 4 + -1. What is the greatest common factor of s and i?
3
Suppose 5*v - 103 = 17. Let z = -18 + v. Calculate the highest common divisor of z and 9.
3
Let g = 63311 + -63262. Let y(r) = 3*r - 3. Let k(z) = 3*z - 2. Let w(m) = -2*k(m) + 3*y(m). Let l be w(4). Calculate the greatest common divisor of g and l.
7
Let m be (-4)/(-18) - (-158)/18. Let j be (-94)/(-10) + (-6)/15. Let h be 12/3 + 3/(j/6). What is the highest common factor of h and m?
3
Let b(o) = o**2 - 85*o + 1074. Let v be b(70). Let k be (-3)/(12/(-10))*2. Suppose 0*m - k*m = -240. Calculate the highest common factor of v and m.
24
Let f = -701 + 756. What is the highest common divisor of f and 85?
5
Let c(k) = -k**3 - 9*k**2 - 7*k + 11. Let o be c(-8). Suppose -2*u + 245 = o*u. What is the highest common factor of u and 21?
7
Let i(t) = 33*t + 377. Let x be i(-10). What is the greatest common factor of x and 188?
47
Suppose 4 = -4*y - 0*y, -4*i + 1514 = -2*y. Calculate the greatest common factor of 108 and i.
54
Let b = -27 + 51. Let l(w) = 8*w**2 - 2*w. Let x = 14 + -16. Let d be l(x). Calculate the highest common factor of b and d.
12
Let s(f) = f**3 - 6*f**2 - 4*f - 9. Let c be s(7). Let g = -5 + c. Let q be (-140)/(-15)*36/g. What is the greatest common factor of 6 and q?
6
Let p(u) = -4*u + 4. Let a be p(1). Suppose a*c = -c + 23. Calculate the highest common divisor of 69 and c.
23
Let p(m) = m**3 - 39*m**2 - 40*m + 36. Let x be p(40). Calculate the greatest common factor of x and 18.
18
Let g(c) = c - 2. Let j be g(5). Suppose -j*m + 8*m = u - 14, -5*m = -4*u - 4. Let k be 184/6*u/(-4). What is the greatest common factor of k and 115?
23
Suppose -5*c = 4*k - 33, -k = c - 3*c - 18. Let j(o) = -o**3 - 4*o**2 + 5. Let w be j(-5). What is the highest common factor of k and w?
6
Suppose 4*h = w + 845, -4*h - 195 = -5*h - 3*w. Calculate the greatest common divisor of h and 84.
42
Suppose 311*w - 308*w = 351. Calculate the greatest common factor of 18 and w.
9
Suppose h - 2*p - 2*p = -82, 4*h + 3*p = -404. Let m = -41 - h. What is the highest common factor of 38 and m?
19
Let g be (-598)/(-22) + (-2)/11. Let r be (g/12)/(6/32). Let j(z) = -z**2 - 13*z + 8. Let p be j(-11). What is the highest common divisor of p and r?
6
Let z = -21 - -24. Suppose -2*a + 4*s + 10 = 0, 4*s = -8*a + z*a + 25. Calculate the highest common factor of 5 and a.
5
Suppose 143 = -5*l - 4*o + 5*o, -68 = 2*l + 5*o. Let a be (5 + l)*2/(-3). What is the greatest common factor of 8 and a?
8
Let x be (2 + -8)*39/(-6). Let f(q) = -24*q**3 + 18*q**2 + 37*q + 5. Let t be f(-2). Calculate the highest common factor of t and x.
39
Let s(x) = 4*x - 36. Let g(m) = m**2 + 6*m - 30. Let f be g(-10). Let u be s(f). Calculate the highest common factor of 28 and u.
4
Let v(g) = 3*g + 32. Let c be v(-9). Suppose 289 = 3*j - 4*l, -3*l - 329 = -c*j + 138. What is the greatest common divisor of 26 and j?
13
Suppose 3*g = -6*w + 3*w + 24, 0 = 5*w - 5*g - 20. Let c(a) = 2*a**2 + 2*a + 2. Let b be c(w). Let u = b + -44. What is the greatest common factor of 105 and u?
21
Suppose 3*h - 26 = -5*b, b = -3*h + 5*b - 10. Let u = -11 + 13. What is the highest common factor of h and u?
2
Suppose 0 = 5*y + 2*y - 35. Let o = -1 + 3. Suppose 0 = -y*c + 68 + o. Calculate the greatest common divisor of c and 14.
14
Let k be (-18)/(-8)*(39 - 47)*1/(-6). Let w(u) = 6*u + 3. Let a be w(4). Calculate the greatest common factor of k and a.
3
Let f be (8/22)/((-6)/(-3399)). Calculate the greatest common divisor of 721 and f.
103
Let h = -97 - -25. Let x = 90 + h. What is the highest common divisor of x and 54?
18
Suppose 5*u - 77 = 3*j + 246, 2*j = -u - 198. Let z = -33 - j. Let d(h) = -19*h - 69. Let s be d(-9). What is the greatest common divisor of z and s?
34
Let h(j) = 6*j**2 - 4*j - 2. Let n be h(2). Calculate the greatest common divisor of 98 and n.
14
Let i(b) = -9*b**3 - b - 2. Let f(r) = 18*r**3 + r + 3. Let z(y) = -3*f(y) - 5*i(y). Let v be z(-2). What is the greatest common factor of 23 and v?
23
Suppose 20*z - 644 - 1356 = 0. What is the highest common divisor of z and 160?
20
Let s(w) be the third derivative of w**5/30 - 7*w**4/24 - w**3/3 + 5*w**2. Let y be s(6). What is the highest common divisor of y and 14?
14
Suppose 9*j = 6*j + 42. Suppose -m - 1 = -j. Let r be -1 + 1/(2/28). What is the greatest common divisor of r and m?
13
Let v = -17 + 21. Let u be 44 + 2 + v/(-16)*0. Calculate the greatest common divisor of 69 and u.
23
Let n = 710 + -